*p = 2*p - 60. Suppose p + 30 = 3*j. What is the remainder when 44 is divided by j?
8
Let a(n) = -n**3 + 4*n**2 + 10*n + 13. Let h be a(-8). Let s = -256 - -461. Suppose 0 = -6*m + s + h. Calculate the remainder when m is divided by 31.
27
Suppose 77 = 2*p - 3*n, -2*n = -4*p - 7 + 141. Let r(j) = 17*j**2 + 14*j - 149. What is the remainder when r(3) is divided by p?
15
Let c(q) = -4*q**3 + 5*q**2 - 3. Let s be c(-4). Suppose -s = 5*h - 1643. Suppose 6*g - 20 = h. Calculate the remainder when g is divided by 10.
7
What is the remainder when 393 is divided by (-4 + -2)*(-11)/(-33) + 141?
115
Let h = 8 - -3. Let y = 0 - h. Let r = y - -26. What is the remainder when 57 is divided by r?
12
Suppose c - 60 = -3*p + 71, -2*p + 84 = 4*c. What is the remainder when 71 is divided by p?
27
Suppose 8*b = -154 + 530. Suppose -b*y = -48*y + 717. What is the remainder when y is divided by 30?
27
Let g(b) = b + 74. Let q be g(-18). Suppose -54*f = -q*f + 36. What is the remainder when 103 is divided by f?
13
Suppose 6*u - 27 = -3*u. Suppose 2*p + u*s = 113, 0 = 5*p + 3*s - s - 255. What is the remainder when p is divided by 5?
4
Let m = 1294 - 2348. Calculate the remainder when ((-15)/(-2))/5*m/(-93) is divided by 14.
3
Suppose 0 = -2*z + 5*z - 39. Suppose 0 = 6*i - 113 - 31. Let s = i + z. Calculate the remainder when 108 is divided by s.
34
Suppose 0 = 2*p + 21 - 29. Suppose -p*k - 3 = -k. Calculate the remainder when ((-1)/2 - k)*(-10 - -74) is divided by 9.
5
Let r be 10*(-9)/(-18) - 660. Let t = r + 719. What is the remainder when t is divided by 17?
13
Let b = 7625 - 7200. Calculate the remainder when b is divided by 146.
133
Suppose 0 = 89*c + 6323 - 7691 - 11448. Let j = 22 + -1. What is the remainder when c is divided by j?
18
Let q = 3170 + -3033. What is the remainder when q is divided by 23?
22
Suppose 156*d = 160*d - 136. What is the remainder when 72 is divided by 506/d - 8/(-68)?
12
Suppose 38*g = 37*g + 117. Suppose 0 = -10*v + v + g. What is the remainder when 1/(-1 - 186/(-183)) is divided by v?
9
Suppose -4*y = 2*i - 68, 26 = -4*y + 5*y + 5*i. Suppose -y*t = 3*t - 152. Calculate the remainder when 11 is divided by t.
3
What is the remainder when 216 is divided by ((-68)/(-6) + (0 - 0))*3?
12
Let s(h) = 1812*h + 11596. Let t(n) = -n**2 - 12*n - 3. What is the remainder when s(-6) is divided by t(-6)?
31
Let q = -547 - -697. Suppose 5*o - q = 75. What is the remainder when o is divided by 15?
0
Let c = -122 - -176. Calculate the remainder when 10/(-65) - (-4023)/39 is divided by 11/(-22) + c/4.
12
Let w(y) = 17*y**2 + 23*y - 36. Calculate the remainder when w(-14) is divided by 594.
4
Let a = -105 - -107. Let d be (60/6)/(a - (-1)/(-1)). Suppose -4*t - 84 = -2*x, 9*t - d*t = -3*x + 116. What is the remainder when 71 is divided by x?
33
Suppose -3*w + y + 103 = -65, 168 = 3*w + 2*y. Let u = w + -20. Let o = 3 - -7. What is the remainder when u is divided by o?
6
Let d(n) = -42*n**3 - 2*n - 1. Suppose 2*m - 12 = -4*r, -5*r + 15 = 2*m + m. Suppose 4*t - 39 = -r. Calculate the remainder when d(-1) is divided by t.
7
Suppose 788 - 746 = 7*b. Let l be (0 + 0 - 17) + -1. Let y = b - l. Calculate the remainder when y is divided by 7.
3
Suppose 3*g - 4*j - 20 = 202, 3*j + 74 = g. Calculate the remainder when 218 is divided by g.
70
Suppose 262 = 2*g + 5*v - 155, 0 = -4*v - 12. Let i = -133 + g. What is the remainder when i is divided by 44?
39
Let q = 33900 - 33194. What is the remainder when q is divided by 34?
26
Let t(z) = z - 39. Let d be t(7). What is the remainder when 111 is divided by 32/1*(-16)/d?
15
Suppose 10*g + 1908 = 16*g. Let u be 4/10 - g/(-5). Suppose 141*b - u = 137*b. Calculate the remainder when 125 is divided by b.
13
What is the remainder when 22821/(3/(-9)*(-19 - -16)) is divided by 24?
21
Suppose -55*h + 13908 - 8298 = 0. Calculate the remainder when 348 is divided by h.
42
Let o = 3575 - 3569. What is the remainder when 8 is divided by o?
2
Let o be 2 + (-6)/(-3) + 6. Suppose 5*k = o*k - 135. Let j = -9 + 81. What is the remainder when j is divided by k?
18
Let n = 10155 + -5455. Calculate the remainder when (-1)/(-3)*-1 - n/(-150) is divided by 13.
5
Let j be (-4)/14 + ((-5316)/(-14))/6. Let f = j + -40. Suppose -4*h - f = -67. Calculate the remainder when 65 is divided by h.
10
Suppose 93*a - 89*a = -2128. Calculate the remainder when 74 is divided by ((-6)/4)/(-6 + (-3171)/a).
36
Suppose -2*y = -25 + 5. Let b be -7*6*(-80)/28. Suppose b = 4*a + j, -161 = 7*a - 12*a - 4*j. Calculate the remainder when a is divided by y.
9
Let z(g) = 328*g - 1282. What is the remainder when 8488 is divided by z(4)?
28
Let j(a) = 2*a**2 + 5*a - 21. Let g be j(-6). Suppose -23*o = g*o - 748. What is the remainder when 183 is divided by o?
13
What is the remainder when ((-493)/(-116))/(573/(-144) + 4) is divided by 41?
40
Let u = -99710 + 99761. Let o(d) = -2*d + 1. What is the remainder when u is divided by o(-5)?
7
Let f be (-20)/(-2)*5/2. Let z = 38 - f. What is the remainder when z is divided by 3*3*(-1)/(-3)?
1
Suppose o - 5*c - 3 = 0, -5*c - 59 = o - 4*o. Let n = o - 25. Calculate the remainder when 66 is divided by n.
0
Let f(m) = 4*m**2 - m - 16. Let d be f(-2). Let r = -93 + 271. What is the remainder when r is divided by -3 - d/((-4)/46)?
18
What is the remainder when (-2 - -6)*-1 - (-536)/4 is divided by 35?
25
What is the remainder when 1117 is divided by (-10)/(-40) - 21/(-12) - -14?
13
Suppose -u + 26 = 5*k - 27, -4*k + 52 = u. Calculate the remainder when ((-10)/4)/(146/(-9636)) is divided by u.
21
Suppose 81 = 11*y - 161. Let b = 55 - y. Let o = b - 26. What is the remainder when 41 is divided by o?
6
Suppose -4*h - 5*l = -669, 50*h - 51*h + 5*l = -211. What is the remainder when 428 is divided by h?
76
Suppose 0 = 15*n - 895 - 1220. Suppose 0 = -p - 8 + 4, 4*p = 4*t - 68. Calculate the remainder when n is divided by t.
11
Let j(o) = 12*o**2 + 25*o + 7. Suppose 3*b - 4*s = -32, 2*s + 3*s = -2*b + 17. Calculate the remainder when j(b) is divided by 40.
19
Let f be (-1 + -1 + 1)*59. Let j(d) = -d**3 - 29*d**2 - 16*d - 332. Let h be j(-29). Let a = h + f. Calculate the remainder when a is divided by 15.
13
Let u = -37 - -65. Let p be (-8)/(-10)*70/u. Suppose p*y + 111 = 5*y. What is the remainder when y is divided by 13?
11
Suppose -2*z = -4, -137*i + 133*i + 3*z + 2190 = 0. What is the remainder when i is divided by 270?
9
Suppose 2*m + 3*b - 83 = 0, 75*m - 96 = 72*m + 5*b. Calculate the remainder when 276 is divided by m.
17
Let v(d) = d**2 + 143*d - 3763. What is the remainder when 505 is divided by v(-166)?
10
Suppose -314*b + 14268 = -227*b. What is the remainder when b is divided by 72?
20
Let g = 48 - 34. Let y(n) = -3*n**2 + 15*n - 33. Let p(d) = -7*d**2 + 29*d - 65. Let v(f) = 2*p(f) - 5*y(f). Calculate the remainder when v(18) is divided by g.
11
Let n = 38 - -37. Let h be (-2)/5 + 480/n. Calculate the remainder when 2*2/(-12) + 284/h is divided by 25.
22
Suppose 964*m = 801*m + 128281. Calculate the remainder when m is divided by 86.
13
Let m(v) = 8 - 2 + 11*v + v**2 - 2. Let d be m(-10). What is the remainder when 26 is divided by d/(-5)*70/6?
12
Suppose -3*j - 12 - 3 = 0, 0 = 4*p - 5*j - 3341. Calculate the remainder when p is divided by 44.
37
Suppose -64 = -11*o - 9. Suppose -o*j + 22 = -4*j. Suppose 23*m - j*m = 17. What is the remainder when m is divided by 13?
4
Let a(s) = -15*s + 23. Let p be a(-8). Let l = p - 137. What is the remainder when l is divided by 1?
0
Let f be ((-1120)/(-21))/(-8)*-15. Suppose 0 = 5*w + 3*i - f, 110 = 84*w - 79*w + i. Calculate the remainder when 153 is divided by w.
15
Let d = 3288 + -2967. Calculate the remainder when d is divided by 46.
45
Let b = 1235 - -19096. What is the remainder when b is divided by 299?
298
Let k(m) = -m**3 - 46*m**2 - 90*m - 77. What is the remainder when 140 is divided by k(-44)?
8
Let t = 121 - 117. Suppose t*y = 21*y - 255. What is the remainder when 27 is divided by y?
12
Suppose 122*v + 18*v = 34*v + 111618. Calculate the remainder when v is divided by 134.
115
Let n be -3 + 6/10*(16 - 6). Suppose 2*q = u + 211, 3*q - 7*u - 324 = -n*u. Let g = q + -73. What is the remainder when g is divided by 12?
7
Suppose -2*l + 1060 = -4*k, 5*k + 846 + 1271 = 4*